he third derivative of -n**5/60 + n**4/24 - 2*n**3/3 + 26*n**2. Give r(u).
-4
Let g(t) be the first derivative of -t**4 + 2*t**3/3 - t**2 - t - 8. Let r(j) = -j**3. Let h(u) = g(u) - 6*r(u). What is h(-2)?
-5
Let w = 22 - 7. Suppose g - 2*g + w = 0. Suppose 5 = -4*u - g. Let t(p) = -p - 12. Give t(u).
-7
Let t(a) = a**3 - a**2 + 4*a - 3. Let g = -154 - -159. Suppose 5*x = 3*b - 14, -5*b - g*x + 7 = -b. Give t(b).
27
Let d(h) = h - 4. Let n(z) = -3. Let x(f) = 3*d(f) + 7*n(f). What is x(11)?
0
Let a = 317 + -311. Let p(i) be the third derivative of -i**4/8 + i**3 + 3*i**2. Calculate p(a).
-12
Let a = 72 - 105. Let r = a - -37. Let w(j) = j**2 - 3*j - 5. Calculate w(r).
-1
Let l(v) = -5275*v**2 + 5277*v**2 + 24*v - 6*v - 11 - 3. Calculate l(-10).
6
Let v(r) be the third derivative of 0*r**3 - 7*r**2 - 5/24*r**4 + 0 + 0*r. Give v(1).
-5
Let o(s) be the first derivative of -21 + 5/2*s**2 - 4/3*s**3 + 1/4*s**4 - 4*s. What is o(3)?
2
Let t be (1 - 1) + (-20)/4. Suppose 0*b + 5*b = 0. Let d = b + t. Let i(s) = -s - 3. What is i(d)?
2
Let m be 1*(-2)/((-2)/5). Suppose 34 = -5*j + 22*j. Let l(o) = -836 + j*o + 418 + 421. Determine l(m).
13
Let m(z) = z**2 + 2*z + 3. Let t(b) = -5*b**2 - 9*b - 13. Let p(d) = 9*m(d) + 2*t(d). Calculate p(2).
-3
Let z(j) = j - 3. Suppose 1 = 4*p - 11. Suppose 3*n - 37 - 74 = 0. Suppose -5*k = p*g - n, 4*k - 26 = -4*g + 2*k. Calculate z(g).
1
Let q = -901 + 905. Let h(m) be the second derivative of -1/3*m**3 + 0 - 11/12*m**q + 6*m - 1/2*m**2. Determine h(-1).
-10
Let k(a) = -a + 8. Let i = 179 - 173. Determine k(i).
2
Suppose 5*p + 37 = -3*a, -7*p + 4*p - 35 = 5*a. Let z(g) = -g - 3. Let v be z(-6). Let f(d) = -4 + v - 6*d - d**2 - 2. Give f(a).
5
Let p = -10 + 17. Let g(l) = -p - 4*l - 2*l**2 + 3*l**2 + 0*l**2. Calculate g(5).
-2
Let r(o) = 2*o**2 - o + 2. Let k(h) = 15*h**2 - 5*h + 9. Let q(y) = -k(y) + 7*r(y). Let i = 17 + -12. Suppose 0 = 3*p + 20 - i. Give q(p).
-10
Let h(k) be the second derivative of -k**4/12 - k**3 - k**2/2 + 3*k + 13. Suppose 0*j - j + r = 6, -3*r = -2*j - 11. What is h(j)?
-8
Let q(j) = -4*j**3 - 4*j**2 + j + 8. Let x(a) = 6*a**3 + 6*a**2 - 3*a - 15. Let z(b) = 5*q(b) + 3*x(b). Determine z(-2).
11
Let f(r) = r**3 - 2*r**2 + 0*r**2 - 7*r - 3 + 8*r. Let m = 12 + -29. Let a = -14 - m. What is f(a)?
9
Suppose u = 5, -a - 4*u + 11 = -2*u. Let i(o) = -3*o. Let g(s) = -7*s. Let m(d) = 4*g(d) - 9*i(d). Let p(f) = -2*f. Let b(j) = m(j) - p(j). Give b(a).
1
Let a(h) = h + 1 + 1 + 0*h. Let q = 693 - 693. Determine a(q).
2
Suppose 9 = x + 7. Let j(k) = -7*k**x + 6*k + 10*k**2 - 2*k**2 - 2. Give j(-6).
-2
Let t(q) = q**3 - 5*q**2 + 2*q - 1. Let c be t(4). Let n be (c/2)/((-8)/16). Suppose 2*w + 6 = o, n = 4*o - 7. Let p(b) = -3*b - 1. What is p(w)?
2
Let h(m) = -m + 7. Suppose -3*k - 3 = -4*r, -4*k - 17 = -5*r + 4*r. Let t(n) = n. Let j(b) = r*t(b) - h(b). Calculate j(8).
-23
Let i = 15 + -17. Let m(r) be the first derivative of -2/3*r**3 + 1/2*r**2 + 5 + r. Calculate m(i).
-9
Let z(b) = 0*b**2 - 4*b**2 - 7*b**2 - 8*b**2. Calculate z(-1).
-19
Let j be 6/4 - 442/52. Let p(r) be the first derivative of 4 - 1/3*r**3 - 3*r - 4*r**2. What is p(j)?
4
Let r(j) be the third derivative of j**4/24 + 910*j**2. What is r(12)?
12
Suppose -4*q = 4*o + 4, -4*q - 5*o = 3 - 2. Let m be (-2)/(16/(-12))*2/(-3). Let g be q - (-2)/2*m. Let u(v) = -v**2 - 6*v - 2. Calculate u(g).
3
Let l(h) = 27*h + 1. Let t(i) = 60*i + 1. Let f(j) = 13*l(j) - 6*t(j). Determine f(3).
-20
Let t(d) be the first derivative of d**4/4 - d**3/3 + d + 4. Suppose 5*a + 0 = -30. Let j = a - -5. Determine t(j).
-1
Let u(x) = 3*x - 2. Let v(n) = 2*n**2 - 14*n + 9. Let p be v(7). Let i be (-6)/(p/3)*-1. Calculate u(i).
4
Let s = -1832 + 1831. Let x(z) = -6*z - 1. Calculate x(s).
5
Let h(y) be the first derivative of y**2/2 + y - 916. Calculate h(-2).
-1
Suppose 202*d = 164*d + 266. Let w(o) = 0 + 8*o + 7 - 3*o**2 + 2*o**2. What is w(d)?
14
Suppose 6*q - q = 25. Suppose 3*g = 4*g + 2*k, -q*k + 10 = 0. Let h(w) = w - 4. Determine h(g).
-8
Let g be ((-54)/45)/((-2)/10). Let s(q) = -q + 2. Give s(g).
-4
Let u = -350 - -356. Let v(d) = d**3 - 4*d**2 - 11*d + 14. Give v(u).
20
Let w(l) = l - 4. Let r be w(7). Suppose r*j + j = 52. Let m = -9 + j. Let y(s) = s + 1. What is y(m)?
5
Let j(z) = 3*z**3 - 3*z**2 + 3*z + 1. Let n be j(1). Let s(u) be the first derivative of 1/2*u**2 - n + u. Calculate s(-2).
-1
Let g(j) = 3*j**3 - j. Let m(i) = -i + 2. Let f be (-24)/(-15)*5/2. Let s be m(f). Let v be 2/(-12)*3*s. Determine g(v).
2
Let o(m) = -m**3 - 5*m**2 - 5*m + 3. Let i(a) = 2*a**2 - 7*a. Let v be i(5). Suppose -4*d - v + 59 = 0. Let u be (-2)/d + 210/(-55). Give o(u).
7
Let x(v) = -v**3 + 11*v**2 - 12*v + 11. Let y be (-304)/(-30) - 26/195. What is x(y)?
-9
Let n(i) = -6*i + 12. Let o = 79 + -74. Calculate n(o).
-18
Let j(q) be the third derivative of 1/40*q**6 - 1/6*q**3 + 0*q**4 + 0*q - 17*q**2 + 0 + 0*q**5. Let k be (-1)/(-2)*(-4)/(-2). What is j(k)?
2
Let p = 10 + -6. Let r(u) = 1486*u - 746*u - u**3 - 741*u + 4*u**2. Determine r(p).
-4
Let s be (4 + 0)/(18/27). Let d be 4*1*(-7)/(-4). Let n(m) = -6 + 2 + d*m - 6*m - 2*m. Determine n(s).
-10
Let m(d) = -d**3 + 11*d**2 - 21*d + 13. Let h be m(9). Let k(i) = -i**2 - 15*i - 17. Calculate k(h).
-3
Let m = 5 - 7. Let z(g) = -5*g**3 + 9*g**2 + 10*g + 31. Let q(i) = 2*i**3 - 3*i**2 - 4*i - 12. Let c(t) = -8*q(t) - 3*z(t). Give c(m).
-5
Let s = 6 - 5. Suppose z + m - s = -2*z, -3 = z + m. Let j(o) = o**3 - 3 + 4 + 0*o**3 - 4*o**z. What is j(4)?
1
Suppose -18 + 2 = -u - 3*f, -5*u + 4*f = -4. Suppose -3*h - 7 = -u. Let w(s) = 1 + s - 2*s**2 - 3*s + 3*s. Determine w(h).
-2
Suppose 4*m = 4*l - 28, -l + 11 = 4*l + m. Let g(y) = -y**2 - 2*y - 1. Let q be g(-2). Let n be (l/q)/3*-1. Let h(d) = 12*d + 1. What is h(n)?
13
Let q(y) be the third derivative of y**4/12 + 17*y**3/6 + 241*y**2. Calculate q(-12).
-7
Let s(t) = t**3 - 3*t**2 + 3*t + 2. Let i(c) be the third derivative of -c**4/24 - c**3/2 + 10*c**2. Let n be i(-6). Give s(n).
11
Let g(i) = 6*i**3 + 3*i**2 + i + 1. Suppose 5*n + 14 - 6 = 2*l, 9 = -5*n + l. What is g(n)?
-37
Suppose -3 - 2 = -h - 3*z, h = -z + 7. Let t(j) = j**2 - 7*j - 5. Let p be t(h). Let v(m) = -2*m**3 - 6 + 0 - m + 1 + p*m**3 + 5*m**2. Calculate v(-5).
0
Let n(f) = -6*f**3 + 7 + 10 - 28 + 6 + 6. Give n(1).
-5
Let p(w) = w**2 + 9*w + 21. Let j be (1/(1/(-9)))/(-2 - -3). Calculate p(j).
21
Let m(q) = 8*q + 66. Let g be m(-8). Let i(x) be the third derivative of -x**5/30 + x**4/6 - x**3/3 + 6*x**2. Calculate i(g).
-2
Suppose s + 4*x = 8, -20 = 2*s - 4*x - 0*x. Let z(t) = -t**3 - 5*t**2 - 7*t - 7. What is z(s)?
5
Let t(v) = -2*v**3 + 5*v**2 - 6*v + 3. Let x = 87 - 85. Calculate t(x).
-5
Let z(k) = 3 - 3 + 1 + 9*k. Let w(x) = x + x + 0 + 1. Let p be w(-1). Give z(p).
-8
Let d(p) = 5*p + 6. Let t(h) = 18*h + 195. Let n be t(-11). Calculate d(n).
-9
Suppose 3*m = -4*y + 7*m + 4, -y - 3*m = -5. Let r(n) = -27*n + 3 + n**y + 57*n - 28*n. What is r(-4)?
11
Let p(b) be the third derivative of -b**6/120 - b**5/12 - b**3/2 + 106*b**2 - 1. What is p(-5)?
-3
Let p = 3 + -6. Let w(b) = 7 - 3*b + 2*b - 5*b**2 - 3 + 3*b**2. Determine w(p).
-11
Let u(s) = 3*s**2 + 2. Let n be u(2). Let t be (-472)/(-26) - (-8)/(-52). Let k = t - n. Let z(o) = o**2 - 4*o + 2. Calculate z(k).
2
Let h(x) = -3*x**3 - 3*x**2 + 2*x + 1. Let k be h(2). Let w = k - -16. Let p = 16 + w. Let r(u) = 8*u + 1. Calculate r(p).
9
Let n(u) be the first derivative of u**4/4 + 2*u**3 + u**2/2 - 3*u - 138. Let w be -2 + (-3 + 2 - 3). Calculate n(w).
-9
Let c be 2 - 2 - (-4 + (1 - 0)). Suppose -c*l + 18 = -9. Let y(f) = f**2 - 8*f + 1. Calculate y(l).
10
Let q = -8 + 14. Let l(g) = -21*g**2 + 4*g**2 - 5*g - 8 + g**3 + 12*g**2. Calculate l(q).
-2
Let s(w) = -w**2 - 4*w - 6. Let d be (121/44)/(1/4). Let o(x) = -x**3 + 13*x**2 - 23*x + 7. Let g be o(d). Calculate s(g).
-6
Let m(w) = -5*w**3 - 10*w**2 - 5*w + 2. Let f(y) = 11*y**3 + 21*y**2 + 11*y - 4. Let j(c) = -4*f(c) - 9*m(c). What is j(-6)?
-8
Suppose -39*y - 9 = -48*y. Suppose -6*n + 5*n = 3*o + y, 2*n = 3*o - 2. Let s(l) = 6*l**3 + l**2 + l + 1. Give s(n).
-5
Let q(p) be the second derivative of p**3/3 - p**2 + 2*p + 53. What is q(3)?
4
Suppose 86*d = 85*d + 4. Let b(q) = -q**3 + 3*q**2 + 4*q + 3. 